(0).
2
Let b(v) = 51*v - 1. Give b(1).
50
Let w(o) = o**2 + 10*o + 5. Determine w(-9).
-4
Let w(o) = -o**2 + 13*o + 13. Calculate w(-1).
-1
Let u(x) = x**3 - 17*x**2 + 16*x - 3. Calculate u(16).
-3
Let l(o) = -o**3 - 3*o**2 + 10*o + 11. Calculate l(-5).
11
Let q(m) = 3*m**2 + 3*m + 2. Calculate q(3).
38
Let h(a) = -a**3 + 9*a**2 + 9*a + 3. Determine h(10).
-7
Let w(s) = 6*s + 64. What is w(-12)?
-8
Let r(i) = 3*i + 8. Determine r(-4).
-4
Let s(a) = -4*a - 42. What is s(-11)?
2
Let r(i) = i**3 + 8*i**2 + 7*i - 7. Give r(-6).
23
Let a(r) = r - 8. Give a(8).
0
Let c(t) = -t**3 + 22*t**2 - 40*t - 3. What is c(20)?
-3
Let w(i) = -i**2 + 8*i + 7. Calculate w(5).
22
Let h(a) = a + 2. Give h(0).
2
Let j(l) = -4*l**2 - 3*l + 19. Give j(5).
-96
Let z(r) = -r**3 - 5*r**2 + 9*r + 3. Give z(-6).
-15
Let k(i) = 11*i**2 - 68*i + 9. Give k(6).
-3
Let g(r) = r**2 + r - 3. Calculate g(0).
-3
Let f(t) = 6*t - 3. Calculate f(1).
3
Let p(t) = -60*t - 50. Give p(-1).
10
Let j(z) = -3*z**2 + 43*z - 24. Calculate j(14).
-10
Let g(f) = -2*f**2 - 5*f + 13. What is g(2)?
-5
Let o(s) = 29*s + 94. Calculate o(-3).
7
Let t(m) = -m**3 - 5*m**2 - 2*m - 2. Give t(-4).
-10
Let a(b) = b**3 - 3*b**2 - 4*b + 1. What is a(4)?
1
Let t(i) = -i**3 + 26*i**2 - 49*i + 22. What is t(24)?
-2
Let u(y) = -2*y**3 + 2*y**2 + 6*y - 1. Give u(4).
-73
Let l(t) = -9*t**2 + 54*t + 6. Calculate l(6).
6
Let j(v) = v**2 - 28*v - 137. What is j(32)?
-9
Let h(z) = 3*z + 7. What is h(-8)?
-17
Let s(t) = -3*t**2 + 3*t - 1. Calculate s(2).
-7
Let k(b) = -b**2 + 8*b + 15. What is k(10)?
-5
Let y(o) = o**3 - 26*o**2 - 50*o - 148. What is y(28)?
20
Let o(r) = -r**3 - 3*r**2 + 2*r + 2. Determine o(-4).
10
Let g(p) = 2*p**3 - 15*p**2 - 6*p - 11. What is g(8)?
5
Let d(q) = q**3 + 8*q**2 + 7*q + 3. Calculate d(-6).
33
Let c(f) = -14*f - 5. Calculate c(2).
-33
Let r(s) = s**2 - 22*s + 24. Give r(20).
-16
Let h(d) = -7*d. What is h(2)?
-14
Let o(k) = 3*k. Determine o(4).
12
Let f(y) = -2*y - 17. What is f(-4)?
-9
Let x(u) = -15*u**2 + 8*u - 1. Give x(1).
-8
Let n(u) = -46*u - 968. Calculate n(-21).
-2
Let y(l) = -2*l**2 + 5. Determine y(3).
-13
Let y(r) = 2*r - 15. Calculate y(10).
5
Let a(w) = 3*w**3 - 4*w**2 + 8*w. Calculate a(3).
69
Let z(d) = d**3 - 3*d**2 + 2*d + 2. Determine z(3).
8
Let j(q) = 12*q**2 + q. Give j(2).
50
Let p(f) = 3*f + 13. Calculate p(-7).
-8
Let h(t) = -6*t + 256. Give h(42).
4
Let g(w) = w**3 - w**2 + w - 65. Give g(0).
-65
Let h(y) = -y**2 + 5*y - 4. What is h(10)?
-54
Let h(r) = -r - 15. Calculate h(-9).
-6
Let i(p) = -2*p**2 + 9*p + 8. Give i(5).
3
Let v(n) = -n**2 - 2. Determine v(2).
-6
Let r(k) = 6*k**2 + 20*k - 16. Determine r(-4).
0
Let j(s) = 6*s + 8. Determine j(-3).
-10
Let m(t) = 26*t + 17. Calculate m(-1).
-9
Let a(l) = -54*l + 224. Determine a(4).
8
Let c(v) = -8*v + 9. Calculate c(3).
-15
Let j(f) = -f + 14. Give j(8).
6
Let q(v) = v**3 - 5*v**2 - 22*v + 2. Give q(9).
128
Let v(s) = 5*s + 109. Give v(-23).
-6
Let m(n) = -n - 4. Determine m(-13).
9
Let f(g) = 2*g**3 + 3*g**2 - g + 14. Determine f(0).
14
Let z(p) = -p**3 - 3*p**2 + 11*p - 1. What is z(-5)?
-6
Let d(s) = 2*s - 9. Calculate d(10).
11
Let o(y) = -2*y**3 + 28*y**2 - 91*y + 13. Calculate o(9).
4
Let y(f) = 9*f**2 + f. What is y(-1)?
8
Let o(c) = -c**3 + 8*c**2 - 14*c - 5. Determine o(5).
0
Let x(u) = 5*u + 27. What is x(-6)?
-3
Let a(w) = -w**2 - 3. Calculate a(3).
-12
Let t(x) = 9*x + 32. Determine t(-3).
5
Let f(n) = -n**2 + n + 111. Give f(0).
111
Let o(z) = 2*z + 13. Give o(-3).
7
Let q(f) = -f**2 + 7*f - 3. Give q(7).
-3
Let l(q) = -6*q**3 - 2*q**2 + 1. What is l(1)?
-7
Let t(a) = a + 20. Determine t(-11).
9
Let f(k) = -2*k. Calculate f(-1).
2
Let z(b) = b + 60. Determine z(-20).
40
Let w(l) = -l**2 + 11*l - 37. What is w(4)?
-9
Let z(h) = 12*h**2 - 360*h - 11. What is z(30)?
-11
Let r(q) = q**3 + q**2. Give r(-2).
-4
Let o(b) = -b**3 - 6*b**2 + b - 1. Give o(-7).
41
Let l(j) = j**2 - 12*j + 2. Calculate l(12).
2
Let c(j) = -2*j**2 + 12*j - 1. Determine c(6).
-1
Let f(p) = p**2 + p - 8. Give f(0).
-8
Let o(j) = j**3 - 6*j**2 + 6*j + 8. Determine o(4).
0
Let w(h) = -2*h**2 - 47*h - 22. Determine w(-23).
1
Let q(n) = 5*n - 8. Give q(-2).
-18
Let u(r) = -9*r + 11. Give u(6).
-43
Let v(y) = 19*y - 7. Calculate v(6).
107
Let l(g) = -15*g + 2. What is l(4)?
-58
Let m(c) = 2*c - 78. Give m(12).
-54
Let j(u) = -61*u + 1462. Give j(24).
-2
Let c(k) = -k**2 - 13*k + 8. Give c(-11).
30
Let c(m) = 9*m**3 + 2*m**2 - 2*m - 1. Determine c(1).
8
Let k(c) = c**3 + 11*c**2 - 29*c - 45. Determine k(-13).
-6
Let r(g) = -g**3 - 5*g**2 - 6*g - 2. What is r(-5)?
28
Let p(c) = c**2 - 9*c + 10. What is p(8)?
2
Let l(w) = w + 1. Calculate l(-5).
-4
Let p(o) = -o**2 + 11*o - 43. Determine p(13).
-69
Let b(o) = -3*o**3 + 2*o**2 + 12*o + 1. What is b(-4)?
177
Let g(w) = w**2 + 8*w + 3. Calculate g(-7).
-4
Let w(v) = -v**2 - 17*v + 32. Give w(-19).
-6
Let n(s) = s**3 + 18*s**2 + 33*s + 11. Calculate n(-16).
-5
Let a(y) = y**2 + 10*y - 4. What is a(-11)?
7
Let i(z) = -z**2 - 15*z - 19. Calculate i(-14).
-5
Let f(s) = s**2 - 4*s - 5. What is f(4)?
-5
Let h(z) = z**2 - 5*z + 8. Give h(-5).
58
Let c(o) = o**2 + 14*o - 5. Determine c(-14).
-5
Let b(a) = a**3 + 6*a**2 + 3*a - 2. What is b(-6)?
-20
Let l(z) = -z**3 + 7*z**2 + 78*z - 10. Calculate l(13).
-10
Let t(f) = -f**2 + 13. Determine t(4).
-3
Let t(l) = -l**3 + 9*l**2 + 11*l - 10. Determine t(10).
0
Let w(n) = n**2 - 8*n - 5. Calculate w(10).
15
Let u(a) = 13*a**3 - a + 1. Calculate u(1).
13
Let k(c) = c**3 - 44*c**2 - 92*c + 4. What is k(46)?
4
Let b(g) = 2*g**2 + 15*g - 10. Determine b(-9).
17
Let p(g) = -4*g - 5. Determine p(-5).
15
Let c(z) = -7*z + 60. Give c(7).
11
Let n(k) = -k - 10. Calculate n(-14).
4
Let t(c) = 2*c**3 + 12*c**2 + 15*c + 79. Calculate t(-6).
-11
Let j(s) = -2*s**3 + 4*s**2 - 4*s + 2. Give j(2).
-6
Let p(u) = u**3 - 18*u**2 - 2*u + 11. Determine p(18).
-25
Let l(p) = -18*p - 2. Determine l(-2).
34
Let d(k) = -k**2 - 18*k - 36. Give d(-17).
-19
Let i(a) = -2*a**3 + 3*a**2 - 3*a. What is i(2)?
-10
Let z(r) = r**3 + 30*r**2 - 33*r - 37. What is z(-31)?
25
Let g(o) = 3*o**2 + 10*o + 4. Determine g(-4).
12
Let n(v) = 3*v - 1. What is n(4)?
11
Let v(w) = -w**3 + 10*w**2 - 10*w - 14. Give v(9).
-23
Let i(b) = -4*b - 20. Give i(0).
-20
Let b(w) = 3*w - 20. What is b(11)?
13
Let q(d) = -d**3 - 2*d**2 - 3*d. Determine q(-2).
6
Let n(o) = -5*o + 6. What is n(6)?
-24
Let d(w) = -4*w - 114. Calculate d(-30).
6
Let d(r) = 14*r + 146. Give d(-6).
62
Let h(y) = -2*y**3 - 29*y**2 - 43*y - 49. Calculate h(-13).
3
Let b(d) = -3*d**2 + 29*d - 1. Determine b(10).
-11
Let i(w) = -19*w + 17. Give i(3).
-40
Let u(m) = -13*m + 74. Give u(4).
22
Let x(q) = -q**2 - 10*q - 1. Give x(-6).
23
Let c(a) = a**2 + 2*a. Determine c(-4).
8
Let z(h) = -h**3 - 6*h**2 - 5*h - 1. Determine z(-4).
-13
Let v(s) = 5*s**3 - 2*s**2 + s + 1. Calculate v(1).
5
Let q(h) = 59*h + 171. Determine q(-3).
-6
Let p(d) = d - 14. Give p(-6).
-20
Let z(g) = g**2 - 8*g + 18. Give z(3).
3
Let n(x) = 21*x**2 + 2*x - 3. Calculate n(2).
85
Let k(s) = s**2 + 8*s + 4. Calculate k(-9).
13
Let b(v) = -v**3 - 6*v**2 + 2*v + 9. Calculate b(-6).
-3
Let x(n) = 10*n + 168. What is x(-17)?
-2
Let n(v) = 2*v + 23. Calculate n(3).
29
Let h(p) = -2*p - 5. Calculate h(-6).
7
Let a(j) = -j**2 + 51*j - 183. Give a(47).
5
Let a(f) = -f**3 + f**2 + 5*f - 2. What is a(3)?
-5
Let b(l) = -l**2 + l - 15. What is b(0)?
-15
Let c(q) = 3*q + 13. Give c(9).
40
Let a(h) = h**3 - 5*h**2 + 4*h. Give a(3).
-6
Let x(t) = t**2 - t + 1. What is x(-1)?
3
Let p(b) = 2*b**2 - 12*b + 1. Calculate p(5).
-9
Let r(k) = -k - 6. Give r(-5).
-1
Let q(l) = -3*l - 8. Determine q(3).
-17
Let k(n) = 8*n - 91. Give k(15).
29
Let n(m) = -m**3 - 10*m**2 + 9*m + 84. Give n(-10).
-6
Let o(i) = -i**3 + 4*i**2 - i. Give o(4).
-4
Let p(u) = 24*u + 41. What is p(7)?
209
Let b(m) = 6*m - 70. What is b(9)?
-16
Let o(f) = f - 5. Give o(-5).
-10
Let f(p) = -p**2 + 7*p - 10. What is f(7)?
-10
Let k(x) = -x**2 + 30. Determine k(-6).
-6
Let o(i) = -23*i + 3. Determine o(4).
-89
Let i(k) = -k**2 + 11*k - 33. Calculate i(7).
-5
Let l(t) = -t**3 - t**2 + 14. Calculate l(0).
14
Let x(v) = v**2 + 16*v - 17. Determine x(-17).
0
Let x(g) = 8*g**3 - 5*g**2 + 3*g + 2. Determine x(2).
52
Let